{"id":269,"date":"2019-08-30T23:08:18","date_gmt":"2019-08-31T02:08:18","guid":{"rendered":"https:\/\/boaletti.com.br\/?page_id=269"},"modified":"2024-08-11T11:03:39","modified_gmt":"2024-08-11T14:03:39","slug":"contact","status":"publish","type":"page","link":"https:\/\/boaletti.com.br\/?page_id=269","title":{"rendered":"Contact"},"content":{"rendered":"\t\t<div data-elementor-type=\"wp-page\" data-elementor-id=\"269\" class=\"elementor elementor-269\">\n\t\t\t\t\t\t<section class=\"elementor-section elementor-top-section elementor-element elementor-element-8538478 elementor-section-boxed elementor-section-height-default elementor-section-height-default\" data-id=\"8538478\" data-element_type=\"section\">\n\t\t\t\t\t\t<div class=\"elementor-container elementor-column-gap-no\">\n\t\t\t\t\t<div class=\"aux-parallax-section elementor-column elementor-col-100 elementor-top-column elementor-element elementor-element-d686935\" data-id=\"d686935\" data-element_type=\"column\">\n\t\t\t<div class=\"elementor-widget-wrap elementor-element-populated\">\n\t\t\t\t\t\t<div class=\"elementor-element elementor-element-fa0f87e elementor-widget elementor-widget-spacer\" data-id=\"fa0f87e\" data-element_type=\"widget\" data-widget_type=\"spacer.default\">\n\t\t\t\t<div class=\"elementor-widget-container\">\n\t\t\t\t\t<div class=\"elementor-spacer\">\n\t\t\t<div class=\"elementor-spacer-inner\"><\/div>\n\t\t<\/div>\n\t\t\t\t<\/div>\n\t\t\t\t<\/div>\n\t\t\t\t\t<\/div>\n\t\t<\/div>\n\t\t\t\t\t<\/div>\n\t\t<\/section>\n\t\t\t\t<section class=\"elementor-section elementor-top-section elementor-element elementor-element-2a19a6d elementor-section-boxed elementor-section-height-default elementor-section-height-default\" data-id=\"2a19a6d\" data-element_type=\"section\">\n\t\t\t\t\t\t<div class=\"elementor-container elementor-column-gap-no\">\n\t\t\t\t\t<div class=\"aux-parallax-section elementor-column elementor-col-50 elementor-top-column elementor-element elementor-element-66cf8f9 aux-appear-watch-animation aux-fade-in-up-1\" data-id=\"66cf8f9\" data-element_type=\"column\" data-settings=\"{&quot;background_background&quot;:&quot;classic&quot;}\">\n\t\t\t<div class=\"elementor-widget-wrap elementor-element-populated\">\n\t\t\t\t\t\t<div class=\"elementor-element elementor-element-d28e6be elementor-widget elementor-widget-google_maps\" data-id=\"d28e6be\" data-element_type=\"widget\" data-widget_type=\"google_maps.default\">\n\t\t\t\t<div class=\"elementor-widget-container\">\n\t\t\t\t\t<div class=\"elementor-custom-embed\">\n\t\t\t<iframe loading=\"lazy\"\n\t\t\t\t\tsrc=\"https:\/\/maps.google.com\/maps?q=R.%20Serra%20de%20Bragan%C3%A7a%2C%201515%20-%20Tatuap%C3%A9%2C%20S%C3%A3o%20Paulo%20-%20SP%2C%2003318-000&#038;t=m&#038;z=13&#038;output=embed&#038;iwloc=near\"\n\t\t\t\t\ttitle=\"R. Serra de Bragan\u00e7a, 1515 - Tatuap\u00e9, S\u00e3o Paulo - SP, 03318-000\"\n\t\t\t\t\taria-label=\"R. Serra de Bragan\u00e7a, 1515 - Tatuap\u00e9, S\u00e3o Paulo - SP, 03318-000\"\n\t\t\t><\/iframe>\n\t\t<\/div>\n\t\t\t\t<\/div>\n\t\t\t\t<\/div>\n\t\t\t\t\t<\/div>\n\t\t<\/div>\n\t\t\t\t<div class=\"aux-parallax-section elementor-column elementor-col-50 elementor-top-column elementor-element elementor-element-2342960\" data-id=\"2342960\" data-element_type=\"column\">\n\t\t\t<div class=\"elementor-widget-wrap elementor-element-populated\">\n\t\t\t\t\t\t<div class=\"elementor-element elementor-element-250c2a3 aux-appear-watch-animation aux-fade-in-up elementor-widget-tablet__width-auto elementor-widget elementor-widget-aux_modern_heading\" data-id=\"250c2a3\" data-element_type=\"widget\" data-widget_type=\"aux_modern_heading.default\">\n\t\t\t\t<div class=\"elementor-widget-container\">\n\t\t\t<section class=\"aux-widget-modern-heading\">\n            <div class=\"aux-widget-inner\"><h2 class=\"aux-modern-heading-primary\">Endere\u00e7o<\/h2><h3 class=\"aux-modern-heading-secondary\"><span class=\"aux-head-before\">R. Serra de Bragan\u00e7a, 1515 \u2013 Tatuap\u00e9, S\u00e3o Paulo \u2013 SP, 03318-000<\/span><\/h3><\/div>\n        <\/section>\t\t<\/div>\n\t\t\t\t<\/div>\n\t\t\t\t<div class=\"elementor-element elementor-element-3c44791 aux-appear-watch-animation aux-fade-in-up elementor-widget-tablet__width-auto elementor-widget elementor-widget-aux_modern_heading\" data-id=\"3c44791\" data-element_type=\"widget\" data-widget_type=\"aux_modern_heading.default\">\n\t\t\t\t<div class=\"elementor-widget-container\">\n\t\t\t<section class=\"aux-widget-modern-heading\">\n            <div class=\"aux-widget-inner\"><h2 class=\"aux-modern-heading-primary\">Telefones<\/h2><div class=\"aux-modern-heading-description\"><div class=\"elementor-element elementor-element-24d1c16 elementor-widget elementor-widget-text-editor\" data-id=\"24d1c16\" data-element_type=\"widget\" data-widget_type=\"text-editor.default\"><div class=\"elementor-widget-container\"><p>WhatsApp (11) 98603-4199<\/p><\/div><\/div><div class=\"elementor-element elementor-element-ed72c4d elementor-widget elementor-widget-text-editor\" data-id=\"ed72c4d\" data-element_type=\"widget\" data-widget_type=\"text-editor.default\"><div class=\"elementor-widget-container\"><p>Telefone (11) 2097-2737\u00a0<\/p><\/div><\/div><\/div><\/div>\n        <\/section>\t\t<\/div>\n\t\t\t\t<\/div>\n\t\t\t\t<div class=\"elementor-element elementor-element-bb5cc9b aux-appear-watch-animation aux-fade-in-up elementor-widget-tablet__width-auto elementor-widget elementor-widget-aux_modern_heading\" data-id=\"bb5cc9b\" data-element_type=\"widget\" data-widget_type=\"aux_modern_heading.default\">\n\t\t\t\t<div class=\"elementor-widget-container\">\n\t\t\t<section class=\"aux-widget-modern-heading\">\n            <div class=\"aux-widget-inner\"><h2 class=\"aux-modern-heading-primary\">Hor\u00e1rio de atendimento<\/h2><h3 class=\"aux-modern-heading-secondary\"><span class=\"aux-head-before\">De segunda a sexta-feira das 9h as 17h<\/span><\/h3><\/div>\n        <\/section>\t\t<\/div>\n\t\t\t\t<\/div>\n\t\t\t\t\t<\/div>\n\t\t<\/div>\n\t\t\t\t\t<\/div>\n\t\t<\/section>\n\t\t\t\t<\/div>\n\t\t","protected":false},"excerpt":{"rendered":"<p>Endere\u00e7o R. Serra de Bragan\u00e7a, 1515 \u2013 Tatuap\u00e9, S\u00e3o Paulo \u2013 SP, 03318-000 Telefones WhatsApp (11) 98603-4199 Telefone (11) 2097-2737\u00a0 Hor\u00e1rio de atendimento De segunda a sexta-feira das 9h as 17h<\/p>\n","protected":false},"author":1,"featured_media":0,"parent":0,"menu_order":0,"comment_status":"closed","ping_status":"closed","template":"templates\/page-builder-content.php","meta":{"footnotes":""},"class_list":["post-269","page","type-page","status-publish","hentry"],"_links":{"self":[{"href":"https:\/\/boaletti.com.br\/index.php?rest_route=\/wp\/v2\/pages\/269","targetHints":{"allow":["GET"]}}],"collection":[{"href":"https:\/\/boaletti.com.br\/index.php?rest_route=\/wp\/v2\/pages"}],"about":[{"href":"https:\/\/boaletti.com.br\/index.php?rest_route=\/wp\/v2\/types\/page"}],"author":[{"embeddable":true,"href":"https:\/\/boaletti.com.br\/index.php?rest_route=\/wp\/v2\/users\/1"}],"replies":[{"embeddable":true,"href":"https:\/\/boaletti.com.br\/index.php?rest_route=%2Fwp%2Fv2%2Fcomments&post=269"}],"version-history":[{"count":12,"href":"https:\/\/boaletti.com.br\/index.php?rest_route=\/wp\/v2\/pages\/269\/revisions"}],"predecessor-version":[{"id":453,"href":"https:\/\/boaletti.com.br\/index.php?rest_route=\/wp\/v2\/pages\/269\/revisions\/453"}],"wp:attachment":[{"href":"https:\/\/boaletti.com.br\/index.php?rest_route=%2Fwp%2Fv2%2Fmedia&parent=269"}],"curies":[{"name":"wp","href":"https:\/\/api.w.org\/{rel}","templated":true}]}}